 o.
15
Let x(y) = y**3 - 8*y**2 - 7*y - 6. Let o be x(9). Suppose 9*m - 5*m = o. What is the remainder when 8 is divided by m?
2
Let y(x) = -x**2 - 5*x + 3. Let u(w) = -21*w. Let c be u(-1). Suppose c = 5*v - k, -6*v + 2*v + 2*k + 12 = 0. What is the remainder when v is divided by y(-5)?
2
Suppose -109 + 29 = -10*q. Calculate the remainder when 29 is divided by q.
5
Suppose -3*m - 78 = -4*o - 2*m, 110 = 5*o + 5*m. What is the remainder when o is divided by (-34)/(-3) - (-1)/(-3)?
9
Let t = 28 - 18. Calculate the remainder when 18 is divided by t.
8
Let n = -23 + 48. Calculate the remainder when 43 is divided by n.
18
Let d(t) = -78*t**3 - t**2 - t. Calculate the remainder when d(-1) is divided by 16.
14
Calculate the remainder when 8 is divided by (-36)/(-16) + 6/8.
2
Suppose -2 = -c + 8. What is the remainder when 57 is divided by c?
7
Suppose 3*v - 48 = 3*q - q, 2*v + 120 = -5*q. Let u = 1 - q. Calculate the remainder when u is divided by (-18)/72 + (-58)/(-8).
4
Calculate the remainder when 1356/26 + 8/(-52) is divided by 20.
12
Let p(g) = -g**2 + 2. Let w be p(0). Calculate the remainder when 47 is divided by 24/(w/((-8)/(-6))).
15
Suppose -u + 50 = 2*s, 0 = 2*u + 5*s - 63 - 41. Let i be (-1 - 2) + 3 + 55. Suppose 0 = -d + 6*d - i. Calculate the remainder when u is divided by d.
9
Suppose m = 4*p - 57, -2*p = -0*p + 5*m - 45. Calculate the remainder when 43 is divided by p.
13
Let p(n) = -n + 3 + 4 + 0 + 1. Let a be p(6). Suppose -3*j = -a*t - 2*j + 10, t + 3*j = -2. Calculate the remainder when t is divided by 2.
0
What is the remainder when (75 - -2)/(2 - 1) is divided by 20?
17
Let g(q) = -q - 3. Suppose 2*h + 4 = 5*w, 7*h = 5*w + 2*h + 5. What is the remainder when g(-5) is divided by w?
0
Let z(q) = q + 1. Let x be z(4). Suppose -2*s - 107 = -5*r, 0 = -3*r - 2*r - x*s + 135. What is the remainder when r is divided by 6?
5
Suppose d - 8 = 6. Calculate the remainder when 125 is divided by d.
13
Suppose 2*x = 9 + 3. Let u be (-2 - x/(-3)) + -20. Let s = u + 37. What is the remainder when s is divided by 9?
8
What is the remainder when 3 - 6*(-4)/6 is divided by 4?
3
Let h(s) = -2*s**2 - s. Let d be h(-1). Let a = d + 3. Suppose a*r - q = 12, r - 6 = q + 3*q. What is the remainder when r is divided by 4?
2
What is the remainder when -4 + (-11)/((-33)/1158) is divided by 64?
62
Let w = -24 - -102. What is the remainder when w is divided by 20?
18
Let x be 0*(4 + -3) + 2. Suppose 3*t = 5*v - 4*v, -x*t + 28 = 4*v. Calculate the remainder when v is divided by 3.
0
Calculate the remainder when 3272/20 + (-21)/35 is divided by 15.
13
Suppose 3*w + w = 0. Suppose w = 5*o + a + 2*a - 108, 5 = 5*a. Calculate the remainder when 61 is divided by o.
19
Suppose c - b + 4 = 8, -3*c - 5*b = -12. Suppose 0 = c*n - 25 - 35. Let t = 2 - -41. What is the remainder when t is divided by n?
13
What is the remainder when 56 is divided by -1 + 3 + 15 - -2?
18
Let t(m) = 2*m**2 - 3*m + 1. Suppose 0 = -2*h + 2 + 4. What is the remainder when 28 is divided by t(h)?
8
Suppose -5*t = -r + 13, r + 13 = 6*r + t. Suppose -r = 5*x - 18. Calculate the remainder when 8 is divided by x.
2
Let c be -1 - (2 - 340/4). Suppose -u - 48 = -2*d, 3*d + 0*d - 4*u = c. Calculate the remainder when 41 is divided by d.
19
Let u(y) = 20*y**2 + 1. Let v be u(-1). Suppose 5*a - 2*t = 518 - 160, -78 = -a + 2*t. Let d = a - v. What is the remainder when d is divided by 17?
15
What is the remainder when 113 is divided by 37 - 0 - (1 + -3)?
35
Let y(a) = -2*a + 11. Let x(l) = -4*l + 23. Let i(h) = 2*x(h) - 5*y(h). Calculate the remainder when (-8 - -2)/((-3)/4) is divided by i(6).
2
Calculate the remainder when 52 is divided by ((-14)/(-5))/(-3*(-5)/75).
10
Let a = 22 + -16. Let l(t) = 4*t**2 + t - 1. Suppose 0*b + 4*m - 22 = -2*b, -b - 4*m + 21 = 0. Calculate the remainder when a is divided by l(b).
2
Suppose -l = -0*l - 5*z - 16, 3*l - z - 104 = 0. What is the remainder when l is divided by 7?
1
Calculate the remainder when 73 is divided by 3/(-9)*(-1 - 2) - -4.
3
Suppose 99 = 9*x + 45. What is the remainder when x is divided by (-18)/(-4) + (-1)/2?
2
Suppose -1 + 31 = 2*j. Let p(l) = -3*l + 57. Calculate the remainder when j is divided by p(17).
3
Suppose -5*b + 155 = x - 3*x, 2*b - 2*x - 56 = 0. What is the remainder when b is divided by 0 + (4 - -11) + -3?
9
Suppose -2*k - 1 = 3. Let q be k - (0 + 5*-1). Suppose 0 = 2*d - 0*d + 3*t - 12, q*d = -5*t + 16. What is the remainder when 22 is divided by d?
10
Let o(n) = n**2 - 3*n - 5. Let a = -50 - -75. What is the remainder when a is divided by o(6)?
12
Suppose -y + 67 = -8. Calculate the remainder when y is divided by 13.
10
Let y(h) = 16*h + 1. Suppose -2*g + 5 = -3. Let v(q) = q**3 - 3*q**2 - q + 5. What is the remainder when y(2) is divided by v(g)?
16
Let w(i) = 12*i**2 + 5*i - 4. Suppose 24 = 2*d - d. What is the remainder when d is divided by w(1)?
11
Let i be (-48)/(-64) - (-2)/8. Suppose u = -3, -4*m + 3*u + 19 = m. Suppose -3*v = -m*k - 8 + i, -3 = -v. What is the remainder when 2 is divided by k?
0
Let g be 1/(-2) - 936/(-16). Let p = g + -33. Suppose 0 = 4*o - 108 - 84. Calculate the remainder when o is divided by p.
23
Let c(s) = s**2 - 3*s + 7. Suppose 0*u = -5*u + 240. Calculate the remainder when u is divided by c(5).
14
Let q be (1 - 12) + 3 + -4. Let j = q + 19. What is the remainder when 12 is divided by j?
5
Suppose -2*f = -4*s + s + 10, 0 = s - 4*f. What is the remainder when 19 is divided by s?
3
Suppose -13*w + 332 = -9*w. Calculate the remainder when w is divided by 7.
6
Calculate the remainder when 42/(-4)*52/(-13) is divided by 9.
6
Let m be 2*-2 + 3 - -1. Suppose -3*l + 60 = -3*h, 3*l - 8*l - 4*h + 127 = m. What is the remainder when l is divided by 12?
11
What is the remainder when (89/(1 + 0))/1 is divided by 24?
17
Suppose 0 = -x - 4*l + 27, -39 = -5*x - 0*x + 4*l. Let q(a) = -a + 14. Calculate the remainder when q(-7) is divided by x.
10
Let y(q) = 4*q - 14. Suppose 5*o + 41 = i, 38 = 3*i - 3*o + 5*o. Calculate the remainder when y(15) is divided by i.
14
Suppose -n = 5*f + 75, 2*f = f - 3. Let d = n + 92. What is the remainder when d is divided by (-9)/(-6)*(-34)/(-3)?
15
Let z = 27 - 11. Suppose -c + 4*w + z = -1, -5*w - 10 = -5*c. Let n(x) = -4*x - 2. Calculate the remainder when n(c) is divided by 4.
2
Let u(d) = -d + 5. Let r(m) = -3*m + 11. Let b(o) = -4*r(o) + 9*u(o). Calculate the remainder when b(8) is divided by 14.
11
Suppose 4*j - 14 = 14. Suppose -t - 19 = j. Let g = t + 36. Calculate the remainder when 29 is divided by g.
9
Let y(c) = -c**3 - 3*c - 1. Calculate the remainder when 128 is divided by y(-2).
11
Suppose -605 - 1471 = 3*g. Let n be 2/(-3) + g/(-12). Suppose -5*a = 2*f - 4*f - n, -47 = -4*a + 3*f. What is the remainder when 32 is divided by a?
10
Suppose -2*i = 2*i - 5*q - 53, 0 = 3*i - 3*q - 42. What is the remainder when i is divided by 7?
3
Let s(w) = -w**3 + 12*w**2 + 8*w - 8. Let c(l) = 2*l**3 - 23*l**2 - 15*l + 15. Let j(p) = -6*c(p) - 11*s(p). What is the remainder when j(3) is divided by 11?
9
Suppose -13 = -4*x + 11. Let l be 14/x - 12/(-18). What is the remainder when 18 is divided by 4/(-6) - (-32)/l?
8
Let z = 161 - 85. Calculate the remainder when z is divided by 26.
24
What is the remainder when 223 is divided by 7*-4*3/(-3)?
27
Let v(o) = o**2 + 7*o + 5. Let y(i) = i**3 + 3*i**2 - 5*i + 3. What is the remainder when v(-8) is divided by y(-4)?
6
Let y = -9 - -18. Suppose 2*r + 130 = 7*r. What is the remainder when r is divided by y?
8
Suppose 54 = -31*r + 34*r. Calculate the remainder when 62 is divided by r.
8
Let u(f) = -2*f - 2. What is the remainder when (3/(-3))/(9/(-261)) is divided by u(-5)?
5
Let h(q) = q**3 - 3*q**2 + 2. Let y(x) = -3*x. Let s be y(-1). Suppose -2*m - 1 = d, 4*m + 23 = d + 4*d. What is the remainder when d is divided by h(s)?
1
Suppose 0 = -4*z + 236 + 540. Calculate the remainder when z is divided by 39.
38
Suppose 12*p = 7*p + 10. What is the remainder when 6 is divided by p?
0
Suppose -2*m - 3*m = -10. Let x = m + 32. What is the remainder when x is divided by 12?
10
Suppose 4*z = -4*h + 4, -h + 5*h + 5 = -z. Let u(i) = -7*i + 4. Calculate the remainder when u(-3) is divided by ((3 - 3) + 3)*z.
7
Suppose 0 = 5*w + 3*y - 11, -5*w + 5 = -0*y 